der when z is divided by 19?
16
Let d(w) = -w**3 - 82*w**2 - 178*w + 324. What is the remainder when d(-80) is divided by 59?
53
What is the remainder when 111 is divided by (-2 - (-80)/45) + 8759/171?
9
Let d be 52/(-6)*(-57)/38. Suppose 252 - 759 = -d*i. Calculate the remainder when 73 is divided by i.
34
Suppose -17*k + 133 = -10*k. Suppose -4*c - o + k = -51, 2*c - 46 = 5*o. What is the remainder when 159 is divided by c?
15
Let l = 885 + 205. Calculate the remainder when l is divided by 138.
124
Suppose 3*o - 2*v - 3*v - 125 = 0, -2*o = 2*v - 94. Let i(p) = -p - 130. Let s be i(31). Let y = -145 - s. Calculate the remainder when o is divided by y.
13
Suppose -419 + 437 = 9*q. Suppose -f + 62 - 23 = v, -q*v = 8. Let p(h) = 2*h**3 - 4*h**2 + h + 1. Calculate the remainder when f is divided by p(3).
21
Suppose 7*g - 2507 - 1483 = 0. Suppose -2*l = 2*o - g, -l - 279 = -2*l - 3*o. Calculate the remainder when l is divided by 58.
56
Let k = -6425 - -6430. Calculate the remainder when 156 is divided by k.
1
Suppose 2*z = -5*u - 2*z + 98, -u + 5*z = -8. Suppose -18 - u = -4*p. What is the remainder when 39 is divided by p?
3
Let z(w) = 5*w**3 - 25*w**2 - 11*w - 27. Let o(y) = -y**3 - y. Let l(m) = 6*o(m) + z(m). What is the remainder when l(-26) is divided by 12?
11
Let t = -171 + 190. Suppose -32*c + t*c = -897. What is the remainder when c is divided by 19?
12
Suppose 0 = -5*s - 2*k + 1140, 8*k = -5*s + 5*k + 1140. Suppose -s = -14*d + 11*d. Calculate the remainder when d is divided by 6.
4
Suppose 4*b + 34 = 2*f, -7*f - 4*b + 61 = -4*f. Suppose 26*s - 3102 = 15*s. Suppose 4*r - 170 = s. Calculate the remainder when r is divided by f.
18
Let j = -1 + -75. Suppose 5*k - 300 = 5*d, -7*d + 8*d - 4*k + 45 = 0. Let y = d - j. Calculate the remainder when 54 is divided by y.
10
Let z(v) = -9*v**3 - 5*v**2 + v. Let c(t) = -12*t**3 - 6*t**2 + 2*t + 1. Let m(h) = -4*c(h) + 5*z(h). Calculate the remainder when 179 is divided by m(2).
9
Let l be 36/8*(-28)/21. Let c be 254/8 + (l/(-1))/24. Calculate the remainder when 207 is divided by c/(-4)*(4 - 155/20).
27
Suppose u = -3*g + 36, 31 = 2*u - g - 34. Let b = -3969 + 4082. Calculate the remainder when b is divided by u.
14
Let o(c) = -2*c**3 + 107*c**2 - 48*c - 218. What is the remainder when o(53) is divided by 41?
6
Suppose 849 = -2*w + 3*i + 296, 4*i = 12. Let j = 417 + w. Calculate the remainder when j is divided by (-1517)/205*5/(-1).
34
Let i(d) = -29*d + 1. Let r be i(-2). Suppose 1528*u - 1542*u = -924. Let h = u - r. Calculate the remainder when 10 is divided by h.
3
Let h(g) = g**3 + g**2 - g - 1. Let w(s) = -3*s**3 - 13*s**2 + 9*s - 3. Let i(c) = 6*h(c) + w(c). Calculate the remainder when i(5) is divided by 9.
8
Suppose s - 5*m = 54 + 44, 4*s - 296 = -4*m. Suppose -4*n = o - 47, -3*o + 4*o - 46 = -3*n. Calculate the remainder when s is divided by o.
35
Let m be (0 - (-2 + -1))*(21 + -2). Suppose 266 = 5*d + 4*a, -d + 2*d - 3*a = m. Suppose -50*f + 52*f = d. What is the remainder when f is divided by 7?
6
Suppose -5*y - y + 2904 = 0. Suppose 0 = 15*c + 374 - 1829. What is the remainder when y is divided by c?
96
Suppose -9*h + 23*h - 224 = 0. Let v = -60 + 71. What is the remainder when h is divided by v?
5
Suppose -29*w = -30*w + 7, -5*t + 798 = 4*w. What is the remainder when t is divided by 74?
6
Let v be 82*(3 - 14/4). Let i = 29 + v. Let a = -5 - i. What is the remainder when 32 is divided by a?
4
Suppose 12*t - 513 - 267 = 0. What is the remainder when 582 is divided by t?
62
What is the remainder when 263 is divided by (-6*(-27)/(-12))/(4 + (-17)/4)?
47
Let u = 123 - 63. Suppose -2*v + 3*s - 37 = -6*v, 4*v - 4*s = 72. What is the remainder when u is divided by v?
8
What is the remainder when 4/14 - (-831)/7 is divided by (-335)/(-10) - (-133)/(-38)?
29
Let v = -15027 + 15127. Calculate the remainder when 396 is divided by v.
96
Let k be 54/270 - 4134/(-5). Suppose -k = -45*j + 658. What is the remainder when j is divided by 12?
9
Suppose 6*m + 2*r = 56888, -4 = -504*r + 500*r. What is the remainder when m is divided by 271?
267
What is the remainder when (-4)/5*(-2665600)/320 is divided by 101?
99
Let w(h) = 2*h**2 - 223*h + 6010. Calculate the remainder when w(72) is divided by 125.
72
Suppose -443 = -5*k + d, k + 44 - 138 = 2*d. Calculate the remainder when 78 is divided by 33/k - 218/(-16).
8
Let z = 961 - 685. Calculate the remainder when 897 is divided by z.
69
Suppose 7*t - 351499 = -178*t - 128*t. Calculate the remainder when t is divided by 280.
3
Suppose 79 = 3*a - 47. Suppose -4*y + 48 = 0, 5030 = 46*z - 4*y - 5824. What is the remainder when z is divided by a?
27
Let z = -21 - 15. Calculate the remainder when (43/(-2))/(2/z) is divided by 26.
23
Suppose -3*z + 800 = 5*o + 138, 3*z = 12. Suppose 10*d - 125 - 75 = 0. Suppose 15*k = d*k - o. Calculate the remainder when k is divided by 7.
5
Suppose 0 = -19*l + 14 + 43. Suppose -2*t + 3*b = -163, -6*t + l*t + 212 = 2*b. What is the remainder when t is divided by 15?
14
Let p be (-12)/(3 - 6) - 12. Let u be -64*((-45)/36 - (-2)/p). Suppose 4*n - 4 = u. What is the remainder when 70 is divided by n?
20
Let l = 1 - -75. What is the remainder when 24/(-30)*3025/(-10) is divided by l?
14
Suppose 2*d = -5*y + 402, 4*d - 39*y - 804 = -41*y. What is the remainder when 403 is divided by d?
1
Let r(u) = -u**3 + 44*u**2 + 195*u + 81. Let z = -206 + 254. What is the remainder when r(z) is divided by 23?
18
Suppose -6*d - 43 = 47. What is the remainder when 47 is divided by d*(-5)/3*(9 + -8)?
22
Suppose -3*h = 6, -2*h - 14 = -2*l - h. Suppose l*i - 33 = 63. Let r(z) = z**2 + 8*z - 4. Calculate the remainder when r(5) is divided by i.
13
Let v(c) = 26*c**3 + 16*c**2 - 24*c - 10. Calculate the remainder when v(3) is divided by 151.
9
Let t(g) = -g**3 - 6*g**2 + 105*g - 11. What is the remainder when t(-19) is divided by 64?
63
Suppose -7*h = -66*h + 590. Suppose 3 = -5*l + 23. What is the remainder when h is divided by l?
2
Let c = 896 - 871. Let x(v) = -2*v**3 - 4*v**2 - v + 5. Calculate the remainder when x(-4) is divided by c.
23
Let r(m) = 94*m**2 - 1. Let u be r(-1). Suppose 0 = -4*d - u - 7. Calculate the remainder when 7 is divided by (-3)/(-5) + (-85)/d.
3
Let k = -307 - -311. Let p(v) = 52*v**2 + 3*v + 25. Calculate the remainder when p(k) is divided by 67.
65
Let t = -444 - -442. What is the remainder when 92 is divided by (-2)/t*(-1)/((-2)/50)?
17
Let w(v) = v**2 + v - 8. Let h be w(3). Suppose -126 = -3*l + 7*o - h*o, -4*l = o - 153. Calculate the remainder when l is divided by 22.
17
Calculate the remainder when 24765 is divided by 664*(-22)/(-176) + (-39)/(-3).
93
Suppose 10*m + 12922 = 36*m - 12*m. What is the remainder when m is divided by 84?
83
Let g(f) = 15*f**3 + 6*f**2 - 3*f - 2. What is the remainder when g(3) is divided by 10?
8
Let l be (231/49 - 5) + (-488)/7. Let q = 26 + l. Calculate the remainder when (-422)/(-22) + (140/q - -3) is divided by 11.
8
Suppose -22*b - 10043 = -2805. Let k = -318 - b. What is the remainder when k is divided by (-6 - (0 - 1))*-1?
1
Suppose 13*t = 349 + 119. Let r = t + -20. Calculate the remainder when 158 is divided by r.
14
Let r(i) = i + 3. Let t(w) = -w**3 - 5*w - 455. Let u be t(0). Let g = 458 + u. Calculate the remainder when g is divided by r(0).
0
Calculate the remainder when 140 is divided by 10*(2040/(-25))/(-12).
4
Suppose -s = -5*g + 120, -4*s - 50 = -g - 7. Suppose 0 = g*r - 5*r - 432. What is the remainder when 62 is divided by r?
14
Calculate the remainder when 10 is divided by (1 - 42/36)*-6 - -3.
2
Let n(w) = 26*w**2 - 2*w. Let x be n(1). Suppose 2*d = -3*f + 7 + x, 4*f = 3*d - 38. Suppose -18 = -d*y + 11*y. Calculate the remainder when 6 is divided by y.
0
Suppose 12*b = 9*b. Suppose b = -4*r + x + 141, 5*x + 5 = 4*x. What is the remainder when 117 is divided by r?
15
Let y(s) = 128*s + 1174. Calculate the remainder when y(8) is divided by 20.
18
Let f(p) = 4*p**2 + 3*p - 25. Let w be f(-10). Let l = 449 - w. What is the remainder when l is divided by 15?
14
Let o(b) = -3*b + 22. Let s(d) = 2*d - 21. Let u(w) = -5*o(w) - 6*s(w). What is the remainder when u(-3) is divided by 2?
1
Let u(k) = 28*k**2 + 38*k + 157. What is the remainder when u(-4) is divided by 58?
47
Su